{"id":282,"date":"2026-08-09T21:10:57","date_gmt":"2026-08-09T19:10:57","guid":{"rendered":"https:\/\/staging.hegering-menden.de\/?page_id=282"},"modified":"2026-08-10T09:51:57","modified_gmt":"2026-08-10T07:51:57","slug":"schiessstandkalender","status":"publish","type":"page","link":"https:\/\/www.hegering-menden.de\/?page_id=282","title":{"rendered":"Schie\u00dfstandkalender"},"content":{"rendered":"\t\t<div data-elementor-type=\"wp-page\" data-elementor-id=\"282\" class=\"elementor elementor-282\">\n\t\t\t\t<div class=\"elementor-element elementor-element-e07e5fc2 e-con e-atomic-element e-flexbox-base bg-cream section-py \" data-id=\"e07e5fc2\" data-element_type=\"e-flexbox\" data-e-type=\"e-flexbox\" data-interaction-id=\"e07e5fc2\">\n    <div class=\"elementor-element elementor-element-e0b19998 e-con e-atomic-element e-flexbox-base container-1280 stack-sm \" data-id=\"e0b19998\" data-element_type=\"e-flexbox\" data-e-type=\"e-flexbox\" data-interaction-id=\"e0b19998\">\n    \t\t\t<p class=\"eyebrow e-paragraph-base\" data-interaction-id=\"e6dd924a\">SCHIESSSTAND HEXENTEICH<\/p>\n\t\t\t\t\t<h1 data-interaction-id=\"e6649437\" class=\"h1 e-heading-base\">Schie\u00dfstandkalender<\/h1>\n\t\t\t\t\t<p class=\"lead-text max-w-640 e-paragraph-base\" data-interaction-id=\"e904dad2\">Aktuelle Termine, Belegungen und Veranstaltungen am Schie\u00dfstand Hexenteich.<\/p>\n\t\t\n<\/div>\n\n<\/div>\n<div class=\"elementor-element elementor-element-e912f462 e-con e-atomic-element e-flexbox-base bg-white section-py \" data-id=\"e912f462\" data-element_type=\"e-flexbox\" data-e-type=\"e-flexbox\" data-interaction-id=\"e912f462\">\n    <div class=\"elementor-element elementor-element-e6823b72 e-con e-atomic-element e-flexbox-base container-1280 stack-lg \" data-id=\"e6823b72\" data-element_type=\"e-flexbox\" data-e-type=\"e-flexbox\" data-interaction-id=\"e6823b72\">\n    \t\t\t<p class=\"body-text e-paragraph-base\" data-interaction-id=\"eb0d6c66\">Hier finden Sie die aktuellen Termine und Belegungen des Schie\u00dfstands. Der Kalender wird laufend gepflegt und aktualisiert.<\/p>\n\t\t\t\t<div class=\"elementor-element elementor-element-e6adbb4c elementor-widget elementor-widget-html\" data-id=\"e6adbb4c\" data-element_type=\"widget\" data-e-type=\"widget\" data-widget_type=\"html.default\">\n\t\t\t\t\t<div class=\"calendar-embed-wrap\" id=\"calendar-embed-wrap\">\n\t<div class=\"consent-gate\" id=\"calendar-consent-gate\">\n\t\t<h3 class=\"consent-gate-title\">Schie\u00dfstandkalender anzeigen<\/h3>\n\t\t<p class=\"consent-gate-text\">Mit dem Laden des Kalenders stimmen Sie der Daten\u00fcbertragung an Google zu. Weitere Informationen finden Sie in unserer Datenschutzerkl\u00e4rung.<\/p>\n\t\t<button type=\"button\" class=\"consent-gate-btn\" id=\"calendar-load-btn\">Kalender laden<\/button>\n\t<\/div>\n<\/div>\n<script>\n(function () {\n\tvar btn = document.getElementById('calendar-load-btn');\n\tvar gate = document.getElementById('calendar-consent-gate');\n\tvar wrap = document.getElementById('calendar-embed-wrap');\n\tif (!btn || !gate || !wrap) { return; }\n\tbtn.addEventListener('click', function () {\n\t\tvar iframe = document.createElement('iframe');\n\t\tiframe.src = 'https:\/\/calendar.google.com\/calendar\/embed?src=pdvj6c6v2lrtsi5naqi89ru6ho%40group.calendar.google.com&ctz=Europe%2FBerlin';\n\t\tiframe.style.border = '0';\n\t\tiframe.setAttribute('loading', 'lazy');\n\t\tiframe.title = 'Schie\u00dfstandkalender Hexenteich';\n\t\tgate.remove();\n\t\twrap.appendChild(iframe);\n\t});\n})();\n<\/script>\t\t\t\t<\/div>\n\t\t\t\t\t<p class=\"meta-small e-paragraph-base\" data-interaction-id=\"e5ac6f6f\">Bei kurzfristigen \u00c4nderungen ist der jeweils aktuelle Eintrag im Schie\u00dfstandkalender ma\u00dfgeblich.<\/p>\n\t\t\n<\/div>\n\n<\/div>\n\t\t<\/div>\n\t\t","protected":false},"excerpt":{"rendered":"<p>SCHIESSSTAND HEXENTEICH Schie\u00dfstandkalender Aktuelle Termine, Belegungen und Veranstaltungen am Schie\u00dfstand Hexenteich. Hier finden Sie die aktuellen Termine und Belegungen des Schie\u00dfstands. Der Kalender wird laufend gepflegt und aktualisiert. Schie\u00dfstandkalender anzeigen Mit dem Laden des Kalenders stimmen Sie der Daten\u00fcbertragung an Google zu. Weitere Informationen finden Sie in unserer Datenschutzerkl\u00e4rung. Kalender laden Bei kurzfristigen \u00c4nderungen ist [&hellip;]<\/p>\n","protected":false},"author":1,"featured_media":0,"parent":0,"menu_order":0,"comment_status":"closed","ping_status":"closed","template":"","meta":{"footnotes":""},"class_list":["post-282","page","type-page","status-publish","hentry"],"_links":{"self":[{"href":"https:\/\/www.hegering-menden.de\/index.php?rest_route=\/wp\/v2\/pages\/282","targetHints":{"allow":["GET"]}}],"collection":[{"href":"https:\/\/www.hegering-menden.de\/index.php?rest_route=\/wp\/v2\/pages"}],"about":[{"href":"https:\/\/www.hegering-menden.de\/index.php?rest_route=\/wp\/v2\/types\/page"}],"author":[{"embeddable":true,"href":"https:\/\/www.hegering-menden.de\/index.php?rest_route=\/wp\/v2\/users\/1"}],"replies":[{"embeddable":true,"href":"https:\/\/www.hegering-menden.de\/index.php?rest_route=%2Fwp%2Fv2%2Fcomments&post=282"}],"version-history":[{"count":2,"href":"https:\/\/www.hegering-menden.de\/index.php?rest_route=\/wp\/v2\/pages\/282\/revisions"}],"predecessor-version":[{"id":296,"href":"https:\/\/www.hegering-menden.de\/index.php?rest_route=\/wp\/v2\/pages\/282\/revisions\/296"}],"wp:attachment":[{"href":"https:\/\/www.hegering-menden.de\/index.php?rest_route=%2Fwp%2Fv2%2Fmedia&parent=282"}],"curies":[{"name":"wp","href":"https:\/\/api.w.org\/{rel}","templated":true}]}}

Schießstandkalender

<div data-elementor-type="wp-page" data-elementor-id="282" class="elementor elementor-282">
				<div class="elementor-element elementor-element-e07e5fc2 e-con e-atomic-element e-flexbox-base bg-cream section-py " data-id="e07e5fc2" data-element_type="e-flexbox" data-e-type="e-flexbox" data-interaction-id="e07e5fc2">
    <div class="elementor-element elementor-element-e0b19998 e-con e-atomic-element e-flexbox-base container-1280 stack-sm " data-id="e0b19998" data-element_type="e-flexbox" data-e-type="e-flexbox" data-interaction-id="e0b19998">
    			<p class="eyebrow e-paragraph-base" data-interaction-id="e6dd924a">SCHIESSSTAND HEXENTEICH</p>
					<h1 data-interaction-id="e6649437" class="h1 e-heading-base">Schießstandkalender</h1>
					<p class="lead-text max-w-640 e-paragraph-base" data-interaction-id="e904dad2">Aktuelle Termine, Belegungen und Veranstaltungen am Schießstand Hexenteich.</p>
		
</div>

</div>
<div class="elementor-element elementor-element-e912f462 e-con e-atomic-element e-flexbox-base bg-white section-py " data-id="e912f462" data-element_type="e-flexbox" data-e-type="e-flexbox" data-interaction-id="e912f462">
    <div class="elementor-element elementor-element-e6823b72 e-con e-atomic-element e-flexbox-base container-1280 stack-lg " data-id="e6823b72" data-element_type="e-flexbox" data-e-type="e-flexbox" data-interaction-id="e6823b72">
    			<p class="body-text e-paragraph-base" data-interaction-id="eb0d6c66">Hier finden Sie die aktuellen Termine und Belegungen des Schießstands. Der Kalender wird laufend gepflegt und aktualisiert.</p>
				<div class="elementor-element elementor-element-e6adbb4c elementor-widget elementor-widget-html" data-id="e6adbb4c" data-element_type="widget" data-e-type="widget" data-widget_type="html.default">
					<div class="calendar-embed-wrap" id="calendar-embed-wrap">
	<div class="consent-gate" id="calendar-consent-gate">
		<h3 class="consent-gate-title">Schießstandkalender anzeigen</h3>
		<p class="consent-gate-text">Mit dem Laden des Kalenders stimmen Sie der Datenübertragung an Google zu. Weitere Informationen finden Sie in unserer Datenschutzerklärung.</p>
		<button type="button" class="consent-gate-btn" id="calendar-load-btn">Kalender laden</button>
	</div>
</div>
<script>
(function () {
	var btn = document.getElementById('calendar-load-btn');
	var gate = document.getElementById('calendar-consent-gate');
	var wrap = document.getElementById('calendar-embed-wrap');
	if (!btn || !gate || !wrap) { return; }
	btn.addEventListener('click', function () {
		var iframe = document.createElement('iframe');
		iframe.src = 'https://calendar.google.com/calendar/embed?src=pdvj6c6v2lrtsi5naqi89ru6ho%40group.calendar.google.com&ctz=Europe%2FBerlin';
		iframe.style.border = '0';
		iframe.setAttribute('loading', 'lazy');
		iframe.title = 'Schießstandkalender Hexenteich';
		gate.remove();
		wrap.appendChild(iframe);
	});
})();
</script>				</div>
					<p class="meta-small e-paragraph-base" data-interaction-id="e5ac6f6f">Bei kurzfristigen Änderungen ist der jeweils aktuelle Eintrag im Schießstandkalender maßgeblich.</p>
		
</div>

</div>
		</div>

<p>SCHIESSSTAND HEXENTEICH Schießstandkalender Aktuelle Termine, Belegungen und Veranstaltungen am Schießstand Hexenteich. Hier finden Sie die aktuellen Termine und Belegungen des Schießstands. Der Kalender wird laufend gepflegt und aktualisiert. Schießstandkalender anzeigen Mit dem Laden des Kalenders stimmen Sie der Datenübertragung an Google zu. Weitere Informationen finden Sie in unserer Datenschutzerklärung. Kalender laden Bei kurzfristigen Änderungen ist [&hellip;]</p>
